{"id":4,"date":"2012-08-21T12:24:08","date_gmt":"2012-08-21T12:24:08","guid":{"rendered":"http:\/\/www.zwei.org\/till\/?page_id=4"},"modified":"2023-01-17T10:43:49","modified_gmt":"2023-01-17T10:43:49","slug":"bio","status":"publish","type":"page","link":"http:\/\/www.zwei.org\/till\/bio\/","title":{"rendered":"bio-\/filmographie"},"content":{"rendered":"\n<p>Till Steinmetz<\/p>\n\n\n\n<figure class=\"wp-block-table is-style-stripes\"><table><tbody><tr><td><strong>Ausbildung<\/strong><\/td><td><\/td><\/tr><tr><td>2006<\/td><td><\/td><td>&nbsp;<\/td><td>&nbsp;<\/td><td>Diplom (Audiovisuelle Medien) an der KHM (mit Auszeichnung)<\/td><\/tr><tr><td>2000<\/td><td><\/td><td>&nbsp;<\/td><td>2006<\/td><td>Studium an der Kunsthochschule f\u00fcr Medien, K\u00f6ln (KHM) &#8211; F\u00e4chergruppe Film-\/Fernsehen<\/td><\/tr><tr><td>1993<\/td><td><\/td><td>&nbsp;<\/td><td>&nbsp;<\/td><td>Abitur (Gymnasium Oberalster, Hamburg)<\/td><\/tr><tr><td><strong>Auslandsaufenthalte | Stipendien<\/strong><\/td><td><\/td><\/tr><tr><td>2003<\/td><td><\/td><td>&nbsp;<\/td><td>2004<\/td><td>Austausch mit der Escuela Internacional de Cine y TV (EICTV), Kuba \u2013 6 Monate<\/td><\/tr><tr><td>2007<\/td><td><\/td><td>&nbsp;<\/td><td>2008<\/td><td>DAAD Stipendium \u2013 Mexico City \u2013 10 Monate<\/td><\/tr><tr><td><strong>Sprachen<\/strong><\/td><td><\/td><\/tr><tr><td>Fl\u00fcssig<\/td><td><\/td><td>&nbsp;<\/td><td>&nbsp;<\/td><td>Deutsch, Englisch, Spanisch<\/td><\/tr><tr><td><br><br><strong>Filmographie<\/strong><br><\/td><td><\/td><\/tr><tr><td><strong>Regie<\/strong><\/td><td><\/td><\/tr><tr><td>2014<\/td><td><\/td><td>&nbsp;<\/td><td>&nbsp;<\/td><td>Compliance (Kamera \/ Regie \/ Schnitt) \u2013 Dokfilm \u2013 ca. 90 Min. &#8211; Work in Progress<\/td><\/tr><tr><td>2007<\/td><td><\/td><td>&nbsp;<\/td><td>&nbsp;<\/td><td>Atome (Buch \/ Regie \/ Schnitt) \u2013 Spielfilm \u2013 61 Min. | Pesaro Film Festival<\/td><\/tr><tr><td>2005<\/td><td><\/td><td>&nbsp;<\/td><td>&nbsp;<\/td><td>Kill The Pig (Regie) &#8211; Kurzfilm &#8211; 17 Min. | Entrevues Festival Belfort<\/td><\/tr><tr><td><strong>Buch<\/strong><\/td><td><\/td><\/tr><tr><td>2022<\/td><td><\/td><\/tr><tr><td><strong>Schnitt<\/strong><\/td><td><\/td><\/tr><tr><td>2015<\/td><td><\/td><td>&nbsp;<\/td><td>&nbsp;<\/td><td>The Bauhaus Files\/Silent Partners (R: Olaf Nicolai) \u2013 Multikanal Installation | Vitra Design Museum<\/td><\/tr><tr><td>2010<\/td><td><\/td><td>&nbsp;<\/td><td>&nbsp;<\/td><td>Punto F (R: Martin Molinaro) \u2013 Experimentalfilm \u2013 180 Min.<\/td><\/tr><tr><td>2010<\/td><td><\/td><td>&nbsp;<\/td><td>&nbsp;<\/td><td>Sag mal Pilz! (R: Silke Albrecht) \u2013 Dokumentarfilm \u2013 60 Min.<\/td><\/tr><tr><td>2009<\/td><td><\/td><td>&nbsp;<\/td><td>&nbsp;<\/td><td>Loter\u00eda (R: Janina M\u00f6bius) \u2013 3 Kanal Dokumentarfilm \u2013 60 Min.<\/td><\/tr><tr><td>2007<\/td><td><\/td><td>&nbsp;<\/td><td>&nbsp;<\/td><td>Pro Familia (R: Ruben Malchow) \u2013 Kurzfilm \u2013 15 Min. &#8211; Kurzfilmtage Oberhausen<\/td><\/tr><tr><td>2003<\/td><td><\/td><td>&nbsp;<\/td><td>&nbsp;<\/td><td>Electro Goof (R: Katharina G\u00e4rtner) \u2013 Musikvideo \u2013 5 Min.<\/td><\/tr><tr><td>2003<\/td><td><\/td><td>&nbsp;<\/td><td>&nbsp;<\/td><td>Supercheesy (R: Martin Roelly) \u2013 Kurzfilm \u2013 15 Min.<\/td><\/tr><tr><td><strong>Cinematic Text<\/strong><\/td><td><\/td><\/tr><tr><td>2013<\/td><td><\/td><td>&nbsp;<\/td><td>&nbsp;<\/td><td>Cinematic Text f\u00fcr die Installation &#8220;Notes via a soundscape of Bollywood&#8221; von Gilles Aubry&nbsp;|&nbsp;Haus f\u00fcr elektronische K\u00fcnste, Basel<\/td><\/tr><tr><td><strong>Lehre \/ Kulturelle Bildung<\/strong><\/td><td><\/td><\/tr><tr><td>2017<\/td><td><\/td><td>&nbsp;<\/td><td>&nbsp;<\/td><td>Schnitteinf\u00fchrung &#8211; Hochschule f\u00fcr Technik und Wirtschaft Berlin (HTW)<\/td><\/tr><tr><td>2015<\/td><td><\/td><td>&nbsp;<\/td><td>&nbsp;<\/td><td>Nachrichten machen! &#8211; Kulturelles Bildungsproject | Statdvilla Global mit F\u00f6rderung durch die Projektfonds kulturelle Bildung, Berlin<\/td><\/tr><tr><td>2012<\/td><td><\/td><td>&nbsp;<\/td><td>2013<\/td><td>Universit\u00e4t der K\u00fcnste Berlin \/ Interflugs ASV &#8211; Projektbetreuung Schnitt \/ Aufbau &amp; Vernetzung des Edit Labs<\/td><\/tr><tr><td>2002<\/td><td><\/td><td>&nbsp;<\/td><td>2005<\/td><td>Kunsthochschule f\u00fcr Medien, K\u00f6ln &#8211; Projektbetreuung Schnitt \/ Avidtutor<\/td><\/tr><tr><td>Bildung \/ Institutionen<\/td><td><\/td><\/tr><tr><td>2013<\/td><td><\/td><td>&nbsp;<\/td><td>&nbsp;<\/td><td>Konzeption, Kamera, Licht, Schnitt | Dossier Datenschutz &#8211; Bundeszentrale f\u00fcr politische Bildung, BpB &#8211; zwei Interviews mit Peter Schaar (ehem. Beauftragter f\u00fcr Datenschutz)<\/td><\/tr><tr><td>2010<\/td><td><\/td><td>bis<\/td><td>Heute<\/td><td>Produktion, Kamera, Licht, Schnitt | div. Videos f\u00fcr fluter.de (BpB)<\/td><\/tr><tr><td>2011<\/td><td><\/td><td>&nbsp;<\/td><td>&nbsp;<\/td><td>Kamera, Licht, Schnitt | Republica XI &#8211; div. Videos f\u00fcr die &#8220;Netzdebatte&#8221; der BpB<\/td><\/tr><tr><td>2012<\/td><td><\/td><td>&nbsp;<\/td><td>&nbsp;<\/td><td>Schnitt | Kurzfilm &#8220;Eine Frage Der Schuld&#8221; &#8211; Jugendprojekt des Netzwerk Zukunft e.V.<\/td><\/tr><tr><td>2012<\/td><td><\/td><td>&nbsp;<\/td><td>&nbsp;<\/td><td>Kamera, Licht, Schnitt | div. Ausgaben Podcast Angela Merkel (Evisco AG f\u00fcr das Kanzleramt)<\/td><\/tr><tr><td><strong>Grading \/ Farbkorrektur \/ VFX<\/strong><\/td><td><\/td><\/tr><tr><td>2013<\/td><td><\/td><td>&nbsp;<\/td><td>&nbsp;<\/td><td>VFX | Die Ruhe Bleibt (R: Stefan Kriekhaus) | Silberner B\u00e4r Berlinale &#8211; Kurzfilm<\/td><\/tr><tr><td>2010<\/td><td><\/td><td>&nbsp;<\/td><td>&nbsp;<\/td><td>Grading |&nbsp;Sun City (R: Aljoscha Weskott \/ Marietta Kesting) | Berlinale Forum<\/td><\/tr><tr><td>2010<\/td><td><\/td><td>&nbsp;<\/td><td>&nbsp;<\/td><td>Grading | The Dubai in Me (R: Christian von Borries) \u2013 Fidmarseille<\/td><\/tr><tr><td><strong>Sound Recording<\/strong><\/td><td><\/td><\/tr><tr><td>2012<\/td><td><\/td><td>&nbsp;<\/td><td>&nbsp;<\/td><td>The Diplomat (Senain Kheshgi &amp; Jennifer Arnold) &#8211; Tribeca Film Festival<\/td><\/tr><tr><td>2010<\/td><td><\/td><td>&nbsp;<\/td><td>&nbsp;<\/td><td>Marxism Today (R: Phil Collins) \u2013 Berlin Biennale 2010<\/td><\/tr><tr><td>2007<\/td><td><\/td><td>&nbsp;<\/td><td>&nbsp;<\/td><td>Maryvilla (R: Filipp Forberg) &#8211; Dokumentarfilm &#8211; Duisburger Filmwoche<\/td><\/tr><tr><td>2003<\/td><td><\/td><td>&nbsp;<\/td><td>&nbsp;<\/td><td>Hinter Dem Flu\u00df (R: Thorsten Kellermann) &#8211; Kurzfilm<\/td><\/tr><tr><td><strong>Imagefilm \/ Werbung<\/strong><\/td><td><\/td><\/tr><tr><td>2013<\/td><td><\/td><td>&nbsp;<\/td><td>&nbsp;<\/td><td>Schnitt, Motion Graphics, Grading | Panono GmbH &#8211; Produktvideo Crowdfunding &#8220;Panono Camera&#8221;<\/td><\/tr><tr><td>2012<\/td><td><\/td><td>&nbsp;<\/td><td>&nbsp;<\/td><td>Schnitt | Siemens SCM &#8211; Corporate Video<\/td><\/tr><tr><td>2012<\/td><td><\/td><td>&nbsp;<\/td><td>&nbsp;<\/td><td>Motion Graphics | ThinkElectric &#8211; Imagefilm f\u00fcr junge Frauen in Technikberufe<\/td><\/tr><tr><td>2011<\/td><td><\/td><td>&nbsp;<\/td><td>&nbsp;<\/td><td>Schnitt | Rein Ins Leben &#8211; Imagefilm f\u00fcr Ambulante Dienste e.V. Berlin<\/td><\/tr><tr><td>2011<\/td><td><\/td><td>&nbsp;<\/td><td>&nbsp;<\/td><td>Schnitt | Messefilm Translate24 (Erste Elf Hamburg)<\/td><\/tr><tr><td><strong>Regieassistenz<\/strong><\/td><td><\/td><\/tr><tr><td>2009<\/td><td><\/td><td>&nbsp;<\/td><td>&nbsp;<\/td><td>Punto F \u2013 K\u00fcnstlerischer Experimentalfilm (R: Martin Molinaro)<\/td><\/tr><tr><td>2005<\/td><td><\/td><td>&nbsp;<\/td><td>&nbsp;<\/td><td>Regieassistenz |&nbsp;F\u00fcnf Zimmer \u2013 Spielfilm (R: Mechthild Barth)<\/td><\/tr><tr><td><strong>Anstellungen \/ Langfristige Freelance Jobs<\/strong><\/td><td><\/td><\/tr><tr><td>seit<\/td><td><\/td><td>2006<\/td><td>&nbsp;<\/td><td>Freiberuflicher Schnittmeister bei verschiedenen k\u00fcnstlerischen und kommerziellen Projekten<\/td><\/tr><tr><td>seit<\/td><td><\/td><td>2006<\/td><td>&nbsp;<\/td><td>Freiberufliche T\u00e4tigkeit als Editor beim Westdeutschen Rundfunk, WDR (ARD Morgenmagazin u.a.)<\/td><\/tr><tr><td>1997<\/td><td><\/td><td>&nbsp;<\/td><td>2000<\/td><td>Freiberufliche T\u00e4tigkeiten als Editor f\u00fcr Me, Myself &amp; Eye GmbH, Hamburg &#8211; MTV, VH1, Premiere etc.<\/td><\/tr><tr><td>1997<\/td><td><\/td><td>&nbsp;<\/td><td>2000<\/td><td>Freiberufliche T\u00e4tigkeiten im Bereich Internet f\u00fcr Kabel New Media AG u.a.<\/td><\/tr><tr><td>1996<\/td><td><\/td><td>&nbsp;<\/td><td>&nbsp;<\/td><td>Festanstellung als Editor bei MME, Hamburg<\/td><\/tr><tr><td><\/td><td><\/td><\/tr><tr><td><strong>Internet<\/strong><\/td><td><\/td><\/tr><tr><td>2017<\/td><td><\/td><td>&nbsp;<\/td><td>&nbsp;<\/td><td>cupolafilm.de (Umsetzung &#8211; bolt cms \/ php)<\/td><\/tr><tr><td>2017<\/td><td><\/td><td>&nbsp;<\/td><td>&nbsp;<\/td><td>dirkluetter.de (Design &amp; Umsetzung bolt cms \/ php)<\/td><\/tr><tr><td>2006<\/td><td><\/td><td>&nbsp;<\/td><td>&nbsp;<\/td><td>zwei.org (Design &amp; Umsetzung &#8211; WordPress Multisite)<\/td><\/tr><tr><td>2001<\/td><td><\/td><td>&nbsp;<\/td><td>&nbsp;<\/td><td>BMW M5 &#8211; Mini Site (Kabel New Media \/ Programmierung \/ Cresta Interactive Award 2001)<\/td><\/tr><tr><td>2001<\/td><td><\/td><td>&nbsp;<\/td><td>&nbsp;<\/td><td>BMW M3 &#8211; Mini Site (Kabel New Media \/ Programmierung)<\/td><\/tr><tr><td>2000<\/td><td><\/td><td>&nbsp;<\/td><td>&nbsp;<\/td><td>Wolfgang Joop &#8211; Website (Luna Media GmbH)<\/td><\/tr><tr><td>1999<\/td><td><\/td><td>&nbsp;<\/td><td>&nbsp;<\/td><td>VH1derland &#8211; Website VH1 Deutschland (MME Medienlabor \/ Programmierung)<\/td><\/tr><\/tbody><\/table><\/figure>\n\n\n\n<p><span style=\"font-size: medium; font-weight: 300;\">Kenntnisse digitaler Produktionsabl\u00e4ufe &amp; Software<\/span><br>(++ sehr gut, + gut, o Basiswissen)<\/p>\n\n\n\n<p><span style=\"font-size: medium; font-weight: 300;\">Standards<\/span><br>MS \/ Open \/ Libre Office Word \/ Writer | Excel \/ Calc (++), Photoshop (++), Illustrator (+), Indesign (+)<\/p>\n\n\n\n<p><span style=\"font-size: medium; font-weight: 300;\">Schnitt<\/span><br>Avid Mediacomposer (++), Snell SAM \/ Quantel SQEdit (++), Adobe Premiere (++), Apple FinalCut Pro (++)<\/p>\n\n\n\n<p><span style=\"font-size: medium; font-weight: 300;\">Compositing &amp; Farbkorrektur<\/span><br>Adobe After Effects (++), Davinci Resolve (+)<\/p>\n\n\n\n<p><span style=\"font-size: medium; font-weight: 300;\">Audiobearbeitung &amp; Erzeugung<\/span><br>Audacity (++), Ableton Live (++), Protools (+), Apple Logic (+), Pure Data (+)<\/p>\n\n\n\n<p><span style=\"font-size: medium; font-weight: 300;\">3D Animation:<\/span><br>Blender (o), Cinema4D (o)<\/p>\n\n\n\n<p><span style=\"font-size: medium; font-weight: 300;\">Prototyping<\/span><br>Arduino &amp; Processing (o)<\/p>\n\n\n\n<p><span style=\"font-size: medium; font-weight: 300;\">Webtechnolgien &amp; Administration<\/span><br>Linux Server Administration (+), HTML, CSS (++), Ruby, Shell-Skripte (+), Javascript \/ PHP (o), Content Management Systeme &#8211; bolt, wordpress, typo3, indexhibit, modx (+)<\/p>\n\n\n\n<p><span style=\"font-size: medium; font-weight: 300;\">Mastering &amp; Distribution<\/span><br>DVD \/ BluRay Authoring mit DVD Studio Pro &amp; Adobe Encore (++), Mastering auf HDCAM \/ DigiBeta \/ BetaSP \/ IMX (++),<br>Transkodierung mit ffmpeg \/ mencoder, MPEG Streamclip, Apple Compressor (++) inclusive Distribution im Internet, DCP Authoring (+)<\/p>\n","protected":false},"excerpt":{"rendered":"","protected":false},"author":4,"featured_media":0,"parent":0,"menu_order":0,"comment_status":"closed","ping_status":"closed","template":"","meta":{"ngg_post_thumbnail":0,"footnotes":""},"_links":{"self":[{"href":"http:\/\/www.zwei.org\/till\/wp-json\/wp\/v2\/pages\/4"}],"collection":[{"href":"http:\/\/www.zwei.org\/till\/wp-json\/wp\/v2\/pages"}],"about":[{"href":"http:\/\/www.zwei.org\/till\/wp-json\/wp\/v2\/types\/page"}],"author":[{"embeddable":true,"href":"http:\/\/www.zwei.org\/till\/wp-json\/wp\/v2\/users\/4"}],"replies":[{"embeddable":true,"href":"http:\/\/www.zwei.org\/till\/wp-json\/wp\/v2\/comments?post=4"}],"version-history":[{"count":107,"href":"http:\/\/www.zwei.org\/till\/wp-json\/wp\/v2\/pages\/4\/revisions"}],"predecessor-version":[{"id":955,"href":"http:\/\/www.zwei.org\/till\/wp-json\/wp\/v2\/pages\/4\/revisions\/955"}],"wp:attachment":[{"href":"http:\/\/www.zwei.org\/till\/wp-json\/wp\/v2\/media?parent=4"}],"curies":[{"name":"wp","href":"https:\/\/api.w.org\/{rel}","templated":true}]}}